- 12*h + 297. Calculate p(11).
44
Let n(s) = s**3 - 17*s**2 - 31*s - 127. Calculate n(19).
6
Let g(z) = -18*z**2 - 595*z - 38. Give g(-33).
-5
Let a(m) = m**3 - 22*m**2 - 560*m - 4. Calculate a(37).
-189
Let m(i) = -43*i + 2362. What is m(55)?
-3
Let d(g) = 2*g**3 + 7*g**2 + 87*g + 368. Calculate d(-4).
4
Let b(t) = t**2 + 69*t - 154. What is b(-72)?
62
Let c(p) = p**3 + 173*p**2 - 885*p + 820. Give c(-178).
-70
Let g(f) = -f**3 + 17*f**2 + 122*f - 2265. Give g(15).
15
Let k(c) = 1764*c + 8817. Determine k(-5).
-3
Let u(p) = p**3 - 57*p**2 + 137*p - 1483. Calculate u(55).
2
Let l(x) = 209*x - 1906. Calculate l(9).
-25
Let t(x) = -460*x - 4599. Calculate t(-10).
1
Let b(a) = 45*a - 516. Determine b(13).
69
Let q(i) = -i**3 - 18*i**2 + 25*i + 126. Determine q(-19).
12
Let q(p) = 6*p**2 + 195*p - 87. What is q(-33)?
12
Let o(g) = 584*g - 2303. Determine o(4).
33
Let p(u) = -u**2 + 13*u - 26. Determine p(5).
14
Let y(x) = x**3 + 31*x**2 - 35*x + 4. Determine y(-32).
100
Let a(s) = s**3 - 2*s**2 - 8*s + 12. What is a(7)?
201
Let w(z) = -3*z**3 + 15*z**2 - 53*z + 4. Give w(7).
-661
Let x(l) = -2576*l - 48944. Determine x(-19).
0
Let q(h) = h**2 + 81*h + 1521. Determine q(-30).
-9
Let v(b) = -5*b**2 - 157*b + 314. Calculate v(2).
-20
Let z(o) = o**2 + 43*o - 55. Calculate z(-20).
-515
Let m(l) = l**3 + 3*l**2 + 149*l + 566. Give m(-4).
-46
Let r(d) = d**3 - 30*d**2 + 212*d + 88. Give r(18).
16
Let g(o) = -o**2 + 62*o - 557. Determine g(11).
4
Let q(v) = 783*v - 1597. Calculate q(2).
-31
Let u(i) = -58*i - 2542. Determine u(-44).
10
Let y(q) = q**3 - 42*q**2 - 34*q - 386. What is y(43)?
1
Let c(h) = -2*h**3 - 22*h**2 + 85*h + 2. Determine c(4).
-138
Let q(h) = 26*h - 715. Calculate q(13).
-377
Let k(r) = -45*r + 402. What is k(25)?
-723
Let y(s) = -95*s + 1226. Determine y(13).
-9
Let h(x) = -10*x - 75. Determine h(-7).
-5
Let x(q) = -815*q + 40. Give x(1).
-775
Let d(k) = -k**2 + 49*k + 517. Give d(-9).
-5
Let c(r) = 26*r + 711. Give c(-26).
35
Let m(v) = -v**2 - 5*v + 1307. What is m(33)?
53
Let q(v) = -v**2 - 48*v - 542. What is q(-28)?
18
Let i(x) = x**3 + 4*x - 16. Determine i(2).
0
Let c(d) = d**2 - 43*d + 277. Determine c(36).
25
Let j(m) = 47*m**2 + 83*m + 81. Give j(-1).
45
Let i(k) = 2*k**3 + 73*k**2 - 39*k - 8. Determine i(-37).
66
Let k(j) = j**3 + 42*j**2 + 400*j + 84. What is k(-14)?
-28
Let w(t) = 36*t + 2342. Give w(-65).
2
Let x(g) = -g**3 - 10*g**2 - 13*g + 43. Calculate x(-8).
19
Let j(z) = 4*z**2 + 452*z + 28. Calculate j(-113).
28
Let o(b) = -3672*b + 11. What is o(0)?
11
Let f(v) = -1493*v - 23. Give f(0).
-23
Let s(i) = 2*i**3 - 12*i**2 + 4*i + 24. What is s(5)?
-6
Let j(n) = -179*n + 30. Give j(-1).
209
Let c(u) = -599*u**3 - 4*u**2 + 3. Give c(-1).
598
Let w(m) = -5*m**2 + 24*m + 1. Give w(4).
17
Let q(d) = d**3 + 30*d**2 - 94*d + 65. Determine q(-33).
-100
Let i(x) = 56*x**3 + 9*x**2 - 10*x + 1. Give i(1).
56
Let c(g) = -7*g**2 + 752*g + 2244. What is c(-3)?
-75
Let v(q) = -q**3 + 25*q**2 - 2*q - 17. Determine v(25).
-67
Let w(y) = -y**2 + 5600*y + 89853. Give w(-16).
-3
Let b(t) = -3*t**3 + 360*t**2 - 707*t - 97. What is b(118)?
21
Let q(s) = -s**3 - 32*s**2 - 237*s + 168. What is q(-19)?
-22
Let v(x) = -26*x + 284. What is v(14)?
-80
Let p(r) = 4*r - 470. What is p(115)?
-10
Let z(h) = -12*h**2 - 109*h - 13. What is z(-9)?
-4
Let x(q) = -3*q**3 - 6*q**2 + 14*q - 9. Determine x(2).
-29
Let d(w) = w**3 + 33*w**2 + 122*w + 155. Give d(-29).
-19
Let u(s) = 5*s**3 - 18*s**2 - 33*s + 120. Calculate u(3).
-6
Let j(o) = -60*o + 180. Determine j(7).
-240
Let r(a) = 621*a + 9937. Determine r(-16).
1
Let p(q) = q**3 - 20*q**2 - 21*q - 12. Determine p(21).
-12
Let l(z) = z**3 + 51*z**2 - 163*z - 53. What is l(-54)?
1
Let k(m) = -m**2 - 199*m - 4800. What is k(-28)?
-12
Let j(f) = 5*f - 137. What is j(44)?
83
Let m(f) = 3*f**2 - 174*f + 273. Give m(56).
-63
Let d(n) = 678*n - 8850. Determine d(13).
-36
Let p(i) = -14*i + 49. Determine p(4).
-7
Let h(l) = -20*l**3 + 2139*l**2 + 104*l + 309. Determine h(107).
-12
Let w(y) = -2*y**3 + y**2 + 31*y + 53. What is w(-6)?
335
Let g(w) = 5*w**2 + 228*w - 838. Calculate g(-49).
-5
Let p(k) = -684*k**3 - 7*k**2 - 6*k. Determine p(-1).
683
Let b(u) = -u**2 - 1536*u + 7709. Calculate b(5).
4
Let a(s) = -2462*s - 4928. Calculate a(-2).
-4
Let c(i) = i**3 + 35*i**2 + 42*i + 216. Calculate c(-34).
-56
Let g(q) = q**2 - 12*q - 100. Give g(-13).
225
Let t(q) = 2*q**3 - 2*q**2 + q + 53. Calculate t(-3).
-22
Let w(y) = -66*y**2 - 9045*y - 417. Calculate w(-137).
-6
Let j(h) = 95*h + 934. Calculate j(-12).
-206
Let m(y) = -8*y**2 - y + 2. Calculate m(1).
-7
Let o(i) = 4*i**2 + 20*i + 3. Determine o(-6).
27
Let b(a) = 2*a**2 - 2*a - 280. Determine b(13).
32
Let a(m) = 5*m**3 - 8*m**2 - 15*m - 1. Determine a(3).
17
Let o(j) = 63*j + 1262. Determine o(-20).
2
Let n(l) = l**2 - l - 20. Calculate n(7).
22
Let n(d) = d**2 + 9*d + 52. What is n(-7)?
38
Let g(z) = z**2 - 28*z + 276. Give g(17).
89
Let y(b) = b**2 + 27*b + 99. Determine y(-5).
-11
Let q(o) = 42*o - 2488. Determine q(59).
-10
Let w(k) = k**3 - 24*k**2 - 41*k - 89. Calculate w(26).
197
Let o(w) = -106*w + 726. Determine o(7).
-16
Let o(r) = 5*r**3 + 43*r**2 - 11*r + 25. Give o(-9).
-38
Let k(b) = 3*b**3 + 112*b**2 - 76*b - 57. Calculate k(-38).
-57
Let b(l) = 7*l + 159. Calculate b(-16).
47
Let h(k) = 3118*k + 18697. Determine h(-6).
-11
Let q(b) = -36*b**3 + 33*b**2 - 7*b + 6. Calculate q(1).
-4
Let b(t) = -21*t**3 + t**2 - 7*t - 8. Calculate b(-1).
21
Let j(p) = 2*p**3 - 36*p**2 - 7*p - 596. Calculate j(19).
-7
Let s(j) = j**3 - 5*j**2 + 6*j - 18. Calculate s(8).
222
Let u(v) = v**2 - 214*v + 10824. What is u(132)?
0
Let r(k) = k**2 + 224*k + 4806. Give r(-24).
6
Let r(t) = -6*t - 151. What is r(-36)?
65
Let y(i) = -59*i - 4175. What is y(-70)?
-45
Let x(a) = -398*a - 2828. Give x(-7).
-42
Let b(u) = 3*u**3 + 17*u**2 + 4. Give b(-7).
-192
Let r(d) = d**2 - 13*d + 12. Determine r(1).
0
Let h(z) = -z**2 + 10*z + 576. Give h(30).
-24
Let l(t) = -16088*t - 32175. What is l(-2)?
1
Let y(j) = -j**3 - 66*j**2 - 147*j - 1316. Determine y(-64).
-100
Let i(r) = r**2 - 6*r + 34. Calculate i(6).
34
Let l(g) = -g**3 + 87*g**2 + 178*g + 248. Determine l(89).
248
Let s(h) = -1799*h - 98951. Calculate s(-55).
-6
Let h(g) = -g**3 + 39*g**2 - 32*g - 112. Determine h(38).
116
Let u(f) = 48*f - 1439. Calculate u(31).
49
Let c(u) = u**3 - 20*u**2 + 27*u + 32. Give c(18).
-130
Let d(b) = 43*b - 23. What is d(7)?
278
Let y(j) = -j**3 + 11*j**2 + 5*j + 174. Determine y(13).
-99
Let g(i) = 2*i**3 - 21*i**2 + 15*i - 3. Determine g(10).
47
Let v(j) = -2*j**2 - 34*j - 75. What is v(-11)?
57
Let d(o) = o**3 - 13*o**2 + o + 13. Give d(6).
-233
Let y(s) = -6616*s + 59556. Calculate y(9).
12
Let y(h) = -h**2 + 36*h + 59. What is y(0)?
59
Let t(d) = 167*d + 2157. Calculate t(-13).
-14
Let k(c) = 499*c + 60376. Give k(-121).
-3
Let b(i) = 223*i + 17608. What is b(-79)?
-9
Let r(q) = -8*q - 263. Give r(-18).
-119
Let c(x) = 16*x**2 - 2613*x - 1789. Give c(164).
15
Let z(t) = 15*t + 100. Give z(-22).
-230
Let k(b) = 65*b - 933. Determine k(11).
-218
Let s(z) = 3825*z - 42138. Determine s(11).
-63
Let b(v) = -v**2 + 5*v + 174. Give b(24).
-282
Let w(x) = -2*x**3 - 45*x**2 - 197*x - 198. Calculate w(-17).
-28
Let h(g) = g**3 + 121*g**2 - 395*g - 2833. What is h(-124)?
19
Let d(n) = -1023*n + 15376. What is d(15)?
31
Let l(b) = b**3 + 49*b**2 + 259*b + 72. Determine l(-43).
29
Let j(p) = -123*p - 3688. Determine j(-30).
2
Let a(n) = 3*n**3 + 16*n**2 + 34*n - 6. Calculate a(-5).
-151
Let f(n) = 5*n**2 - 1034*n - 1036. Determine f(-1).
3
Let p(q) = -q**3 - 193*q**2 - 752*q + 11. What is p(-4)?
-5
Let i(r) = 2*r**3 - 127*r**2 + 59*r + 255. Determine i(63).
3
Let i(l) = l**3 + 87*l**2 + 42*l - 3794. What is i(-86)?
-10
Let w(v) = -v**3 + 15*v**2 - 47*v + 29. Determine w(13).
-244
Let i(f) = 195*f - 18. Calculate i(3).
567
Let s(h) = -h**2 + 100*h + 977. Determine s(-9).
-4
Let g(m) = m**3 + 116*m**2 + 103*m - 1385. Calculate g(-115).
-5
Let b(l) = l**3 - 25*l**2 + 15*l + 184. Give b(24).
-32
Let g(c) = -4*c**3 - 21*c**2 + 164*c - 980. What is g(-11)?
-1
Let v(j) = 36*j + 1. Determine v(2).
73
Let a(r) = -10*r**2 - 307*r + 105. Determine a(-31).
12
Let y(f) = -13*f + 108. Calculate y(-10